{"id":2,"date":"2011-11-02T22:15:56","date_gmt":"2011-11-03T03:15:56","guid":{"rendered":"http:\/\/firewheels.com.pe\/taller\/?page_id=2"},"modified":"2012-03-14T17:40:17","modified_gmt":"2012-03-14T22:40:17","slug":"mecanica","status":"publish","type":"page","link":"http:\/\/firewheels.com.pe\/taller\/mecanica","title":{"rendered":"Mec\u00e1nica en general"},"content":{"rendered":"<p><span style=\"color: #ffffff;\">Nuestros taller y equipo de mec\u00e1nicos est\u00e1n preparados para darle servicio a cualquier tipo de veh\u00edculo y de todas las marcas, desde un simple cambio de aceite hasta una restauraci\u00f3n completa de su auto o camioneta.<\/span><\/p>\n<p><span style=\"color: #ffffff;\">Ofrecemos los siguientes servicios a nuestros clientes:<\/span><\/p>\n<ul>\n<li><span style=\"color: #ffffff;\">Mec\u00e1nica general<\/span><\/li>\n<li><span style=\"color: #ffffff;\">Planchado y pintura<\/span><\/li>\n<li><span style=\"color: #ffffff;\">Frenos<\/span><\/li>\n<li><span style=\"color: #ffffff;\">Alineamiento<\/span><\/li>\n<li><span style=\"color: #ffffff;\">Suspension<\/span><\/li>\n<li><span style=\"color: #ffffff;\">Sistemas de enganche para remolques<\/span><\/li>\n<li><span style=\"color: #ffffff;\">Fabricaci\u00f3n de headers y salidas de escape<\/span><\/li>\n<li><span style=\"color: #ffffff;\">Mantenimiento de flotas a empresas<\/span><\/li>\n<li><span style=\"color: #ffffff;\">Venta y distribuci\u00f3n de accesorios<\/span><\/li>\n<li><span style=\"color: #ffffff;\">Preparaciones 4&#215;4 personalizadas para uso off-road<\/span><\/li>\n<li><span style=\"color: #ffffff;\">Asesoramiento para la compra y venta de veh\u00edculos nuevos y usados<\/span><\/li>\n<li><span style=\"color: #ffffff;\">Recojo y entrega de su veh\u00edculo<\/span><\/li>\n<\/ul>\n<p>&nbsp;<\/p>\n","protected":false},"excerpt":{"rendered":"<p>Nuestros taller y equipo de mec\u00e1nicos est\u00e1n preparados para darle servicio a cualquier tipo de veh\u00edculo y de todas las marcas, desde un simple cambio de aceite hasta una restauraci\u00f3n completa de su auto o camioneta. Ofrecemos los siguientes servicios a nuestros clientes: Mec\u00e1nica general Planchado y pintura Frenos Alineamiento Suspension Sistemas de enganche para &#8230;<\/p>\n","protected":false},"author":1,"featured_media":0,"parent":0,"menu_order":0,"comment_status":"closed","ping_status":"closed","template":"","meta":{"footnotes":""},"class_list":["post-2","page","type-page","status-publish","hentry"],"_links":{"self":[{"href":"http:\/\/firewheels.com.pe\/taller\/wp-json\/wp\/v2\/pages\/2","targetHints":{"allow":["GET"]}}],"collection":[{"href":"http:\/\/firewheels.com.pe\/taller\/wp-json\/wp\/v2\/pages"}],"about":[{"href":"http:\/\/firewheels.com.pe\/taller\/wp-json\/wp\/v2\/types\/page"}],"author":[{"embeddable":true,"href":"http:\/\/firewheels.com.pe\/taller\/wp-json\/wp\/v2\/users\/1"}],"replies":[{"embeddable":true,"href":"http:\/\/firewheels.com.pe\/taller\/wp-json\/wp\/v2\/comments?post=2"}],"version-history":[{"count":12,"href":"http:\/\/firewheels.com.pe\/taller\/wp-json\/wp\/v2\/pages\/2\/revisions"}],"predecessor-version":[{"id":4,"href":"http:\/\/firewheels.com.pe\/taller\/wp-json\/wp\/v2\/pages\/2\/revisions\/4"}],"wp:attachment":[{"href":"http:\/\/firewheels.com.pe\/taller\/wp-json\/wp\/v2\/media?parent=2"}],"curies":[{"name":"wp","href":"https:\/\/api.w.org\/{rel}","templated":true}]}}